{"id":164,"date":"2020-09-28T10:47:48","date_gmt":"2020-09-28T08:47:48","guid":{"rendered":"http:\/\/ealp.fr\/?page_id=164"},"modified":"2021-01-18T10:55:07","modified_gmt":"2021-01-18T09:55:07","slug":"conversation-avec-oskar","status":"publish","type":"page","link":"https:\/\/ealp.fr\/index.php\/hommage-au-metre\/conversation-avec-oskar\/","title":{"rendered":"Conversation avec OSKAR"},"content":{"rendered":"\n<p><strong>Cr\u00e9ation  11 et 12 janvier 2021<\/strong>, <strong>report\u00e9e \u00e0 mars\/avril 2022 (Biennale Danse Emoi, Limoges)<\/strong><\/p>\n\n\n\n<p>Centres Culturels Municipaux &#8211; Sc\u00e8ne Conventionn\u00e9e d\u2019Int\u00e9r\u00eat National &#8211; Art et cr\u00e9ation chor\u00e9graphique<\/p>\n\n\n\n<figure class=\"wp-block-embed-vimeo wp-block-embed is-type-video is-provider-vimeo wp-embed-aspect-16-9 wp-has-aspect-ratio\"><div class=\"wp-block-embed__wrapper\">\n<iframe loading=\"lazy\" title=\"Conversation avec OSKAR, images extraites de r\u00e9p\u00e9titions\" src=\"https:\/\/player.vimeo.com\/video\/484117819?dnt=1&amp;app_id=122963\" width=\"525\" height=\"295\" frameborder=\"0\" allow=\"autoplay; fullscreen; picture-in-picture; clipboard-write; encrypted-media\"><\/iframe>\n<\/div><\/figure>\n\n\n\n<p><strong>Ce qui influence mes choix quant \u00e0 ces hommages, c\u2019est avant tout la d\u00e9couverte d\u2019artistes qui fabriquent leur propre espace d\u2019utopie,<br> et qui cherchent par cela \u00e0 initier de la relation \u00e0 l\u2019autre, voire \u00e0 cr\u00e9er une communaut\u00e9 de pens\u00e9es et de faire. Qu\u2019importe la dur\u00e9e, na\u00eet l\u00e0 une utopie qui mixe art et vie. <\/strong><\/p>\n\n\n\n<p>Initier <em>Hommage au m\u00e8tre <\/em>avec Oskar Schlemmer est une \u00e9vidence.\nIl catalyse nombre de mes madeleines et utopies.\n<\/p>\n\n\n\n<p>Bien s\u00fbr il y a, \u00e0 mon go\u00fbt, pour la transdisciplinarit\u00e9 et cette pens\u00e9e que l\u2019art, l\u2019artisanat et la technique peuvent (doivent!) faire corps pour fabriquer un objet. <\/p>\n\n\n\n<p>Oskar Schlemmer compose, et comme tous les avant-gardes,\nd\u00e9compose.\nIl d\u00e9construit les codes de l\u2019enseignement, fait voler en \u00e9clat les\ncases compartiment\u00e9es.\n<\/p>\n\n\n\n<p>Et glisse de la fabrication d\u2019objet \u00e0 des objets spectacles en liant\ncorps, espace, architecture, sc\u00e9nographie, avec l\u2019humain toujours\nau c\u0153ur de l\u2019enjeu.\n<\/p>\n\n\n\n<p>Il y a l\u2019humour aussi, le souci de trouver la balance entre abstrac- tion et figuration, entre grotesque et m\u00e9taphysique. Il y a son go\u00fbt pour la sc\u00e8ne, les f\u00eates populaires. Il y a mon interrogation sur l\u2019impact du contexte ; quelle nature et fonction il offre aux objets cr\u00e9atifs. <\/p>\n\n\n\n<p><strong>Co-producteurs<\/strong> : La Manufacture CDCN Nouvelle Aquitaine Bordeaux &#8211; La Rochelle<\/p>\n\n\n\n<p><strong>Partenaires et soutiens : <\/strong> L\u2019Avant-Sc\u00e8ne Cognac dans le cadre<br> de ROUTINE#Cognac, GLOB th\u00e9\u00e2tre de Bordeaux, Centres Culturels Municipaux de Limoges &#8211; Sc\u00e8ne Conventionn\u00e9e d\u2019Int\u00e9r\u00eat National &#8211; Art et cr\u00e9ation chor\u00e9graphique, Th\u00e9\u00e2tre d\u2019Angoul\u00eame &#8211; Sc\u00e8ne Nationale, La Chapelle &#8211; Compagnie YMA<\/p>\n\n\n\n<p>DRAC Nouvelle Aquitaine, R\u00e9gion Nouvelle Aquitaine, Conseil d\u00e9partemental de la Charente. <\/p>\n\n\n\n<p><a href=\"http:\/\/ealp.fr\/wp-content\/uploads\/2020\/09\/Conversation-avec-OSKAR-EALP-oct20.pdf\" target=\"_blank\" rel=\"noreferrer noopener\" aria-label=\" (s\u2019ouvre dans un nouvel onglet)\">Dossier t\u00e9l\u00e9chargeable ici<\/a><\/p>\n\n\n\n<p><strong>Dates de Cr\u00e9ation et Diffusion<\/strong> <\/p>\n\n\n\n<ul class=\"wp-block-list\"><li><strong>10 juillet 2021 &#8211; avant-premi\u00e8re<\/strong> : Nouveau Studio Th\u00e9\u00e2tre &#8211; Du Feu dans la Chambre, Nantes (44)<\/li><li><strong>mars\/avril 2022 &#8211; CREATION<\/strong> : Biennale Danse Emoi, Centre Culturel Jean Gagnant, Limoges (87) <\/li><\/ul>\n\n\n\n<p><\/p>\n","protected":false},"excerpt":{"rendered":"<p>Cr\u00e9ation 11 et 12 janvier 2021, report\u00e9e \u00e0 mars\/avril 2022 (Biennale Danse Emoi, Limoges) Centres Culturels Municipaux &#8211; Sc\u00e8ne Conventionn\u00e9e d\u2019Int\u00e9r\u00eat National &#8211; Art et cr\u00e9ation chor\u00e9graphique Ce qui influence mes choix quant \u00e0 ces hommages, c\u2019est avant tout la d\u00e9couverte d\u2019artistes qui fabriquent leur propre espace d\u2019utopie, et qui cherchent par cela \u00e0 initier &hellip; <\/p>\n<p class=\"link-more\"><a href=\"https:\/\/ealp.fr\/index.php\/hommage-au-metre\/conversation-avec-oskar\/\" class=\"more-link\">Continuer la lecture<span class=\"screen-reader-text\"> de &laquo;&nbsp;Conversation avec OSKAR&nbsp;&raquo;<\/span><\/a><\/p>\n","protected":false},"author":1,"featured_media":0,"parent":161,"menu_order":0,"comment_status":"closed","ping_status":"closed","template":"","meta":{"footnotes":""},"class_list":["post-164","page","type-page","status-publish","hentry"],"_links":{"self":[{"href":"https:\/\/ealp.fr\/index.php\/wp-json\/wp\/v2\/pages\/164","targetHints":{"allow":["GET"]}}],"collection":[{"href":"https:\/\/ealp.fr\/index.php\/wp-json\/wp\/v2\/pages"}],"about":[{"href":"https:\/\/ealp.fr\/index.php\/wp-json\/wp\/v2\/types\/page"}],"author":[{"embeddable":true,"href":"https:\/\/ealp.fr\/index.php\/wp-json\/wp\/v2\/users\/1"}],"replies":[{"embeddable":true,"href":"https:\/\/ealp.fr\/index.php\/wp-json\/wp\/v2\/comments?post=164"}],"version-history":[{"count":16,"href":"https:\/\/ealp.fr\/index.php\/wp-json\/wp\/v2\/pages\/164\/revisions"}],"predecessor-version":[{"id":280,"href":"https:\/\/ealp.fr\/index.php\/wp-json\/wp\/v2\/pages\/164\/revisions\/280"}],"up":[{"embeddable":true,"href":"https:\/\/ealp.fr\/index.php\/wp-json\/wp\/v2\/pages\/161"}],"wp:attachment":[{"href":"https:\/\/ealp.fr\/index.php\/wp-json\/wp\/v2\/media?parent=164"}],"curies":[{"name":"wp","href":"https:\/\/api.w.org\/{rel}","templated":true}]}}