{"id":237,"date":"2020-09-29T09:07:38","date_gmt":"2020-09-29T07:07:38","guid":{"rendered":"http:\/\/ealp.fr\/?page_id=237"},"modified":"2021-01-22T14:30:36","modified_gmt":"2021-01-22T13:30:36","slug":"agenda","status":"publish","type":"page","link":"https:\/\/ealp.fr\/index.php\/agenda\/","title":{"rendered":"Actualit\u00e9s"},"content":{"rendered":"\n<p><strong>2021<\/strong><\/p>\n\n\n\n<ul class=\"wp-block-list\"><li><strong>11 et 12 janvier 2021 \u00e0 20h &#8211; report\u00e9 \u00e0 mars\/avril 2022 &#8211; Biennale Danse Emoi &#8211; CREATION<\/strong> : Centre Culturel Jean Gagnant, Limoges (87) &#8211; <strong><a rel=\"noreferrer noopener\" aria-label=\"Conversation avec OSKAR (s\u2019ouvre dans un nouvel onglet)\" href=\"http:\/\/ealp.fr\/index.php\/hommage-au-metre\/conversation-avec-oskar\/\" target=\"_blank\">Conversation avec OSKAR<\/a><\/strong><\/li><\/ul>\n\n\n\n<ul class=\"wp-block-list\"><li><strong>15 janvier 2021 \u00e0 20h30  &#8211; report\u00e9 (Covid) :<\/strong> Le Rive Gauche, St-Etienne du Rouvray (76) &#8211; <strong><a rel=\"noreferrer noopener\" aria-label=\"Work in Progress (s\u2019ouvre dans un nouvel onglet)\" href=\"http:\/\/ealp.fr\/index.php\/collaborations\/work-in-progress\/\" target=\"_blank\">Work in Progress<\/a> &#8211; <\/strong>Marc Nammour &amp; Elo\u00efse Deschemin<\/li><\/ul>\n\n\n\n<ul class=\"wp-block-list\"><li>du <strong>23 f\u00e9vrier au 5 mars 2021<\/strong> &#8211; r\u00e9sidence de recherche \u00e0 <strong>2angles<\/strong> \u00e0 Flers (61)  &#8211; <strong><a rel=\"noreferrer noopener\" aria-label=\"LOCAL (s\u2019ouvre dans un nouvel onglet)\" href=\"http:\/\/ealp.fr\/index.php\/collaborations\/local\/\" target=\"_blank\">LOCAL<\/a><\/strong> &#8211; Elo\u00efse Deschemin &amp; Mathieu Heyraud <\/li><\/ul>\n\n\n\n<ul class=\"wp-block-list\"><li>du <strong>9 au 19 mars 2021 <\/strong>puis du<strong> 8 au 12 juin 2021 <\/strong>&#8211;  avec La M\u00e9tive, Moutier-d&rsquo;Ahun (23) &#8211; <strong><a rel=\"noreferrer noopener\" aria-label=\"ROUTINE (s\u2019ouvre dans un nouvel onglet)\" href=\"http:\/\/ealp.fr\/index.php\/routine-2019-20xx\/routine-2019-20xx\/\" target=\"_blank\">ROUTINE<\/a>#Ahun<\/strong> dont <strong><a href=\"http:\/\/ealp.fr\/index.php\/collaborations\/local\/\">LOCAL<\/a><\/strong> du 8 au 12 juin 2021<\/li><\/ul>\n\n\n\n<ul class=\"wp-block-list\"><li>du <strong>6 avril au 7 mai 2021 <\/strong>&#8211; avec Le Th\u00e9\u00e2tre d&rsquo;Angoul\u00eame, sc\u00e8ne nationale (16)\u00a0&#8211; <strong><a rel=\"noreferrer noopener\" aria-label=\"ROUTINE (s\u2019ouvre dans un nouvel onglet)\" href=\"http:\/\/ealp.fr\/index.php\/routine-2019-20xx\/routine-2019-20xx\/\" target=\"_blank\">ROUTINE<\/a>#Angoul\u00eame<\/strong>, dont <strong><a href=\"http:\/\/ealp.fr\/index.php\/collaborations\/local\/\">LOCAL<\/a><\/strong> du 26 au 30 avril 2021<\/li><\/ul>\n\n\n\n<ul class=\"wp-block-list\"><li>du<strong> 1er au 4 juin  2021 <\/strong>&#8211; Th\u00e9\u00e2tre 145, TMG, Grenoble (38), invit\u00e9 par la cie \u00e9piderme, artiste associ\u00e9 &#8211; <strong><a rel=\"noreferrer noopener\" aria-label=\"LOCAL (s\u2019ouvre dans un nouvel onglet)\" href=\"http:\/\/ealp.fr\/index.php\/collaborations\/local\/\" target=\"_blank\">LOCAL<\/a><\/strong> &#8211; Elo\u00efse Deschemin &amp; Mathieu Heyraud<\/li><\/ul>\n\n\n\n<ul class=\"wp-block-list\"><li><strong>10 juillet 2021 &#8211; avant-premi\u00e8re<\/strong> : Nouveau Studio Th\u00e9\u00e2tre &#8211; Du Feu dans la Chambre, Nantes (44) &#8211; <strong><a rel=\"noreferrer noopener\" href=\"http:\/\/ealp.fr\/index.php\/hommage-au-metre\/conversation-avec-oskar\/\" target=\"_blank\">Conversation avec OSKAR<\/a><\/strong><\/li><\/ul>\n","protected":false},"excerpt":{"rendered":"<p>2021 11 et 12 janvier 2021 \u00e0 20h &#8211; report\u00e9 \u00e0 mars\/avril 2022 &#8211; Biennale Danse Emoi &#8211; CREATION : Centre Culturel Jean Gagnant, Limoges (87) &#8211; Conversation avec OSKAR 15 janvier 2021 \u00e0 20h30 &#8211; report\u00e9 (Covid) : Le Rive Gauche, St-Etienne du Rouvray (76) &#8211; Work in Progress &#8211; Marc Nammour &amp; Elo\u00efse &hellip; <\/p>\n<p class=\"link-more\"><a href=\"https:\/\/ealp.fr\/index.php\/agenda\/\" class=\"more-link\">Continuer la lecture<span class=\"screen-reader-text\"> de &laquo;&nbsp;Actualit\u00e9s&nbsp;&raquo;<\/span><\/a><\/p>\n","protected":false},"author":1,"featured_media":0,"parent":0,"menu_order":0,"comment_status":"closed","ping_status":"closed","template":"","meta":{"footnotes":""},"class_list":["post-237","page","type-page","status-publish","hentry"],"_links":{"self":[{"href":"https:\/\/ealp.fr\/index.php\/wp-json\/wp\/v2\/pages\/237","targetHints":{"allow":["GET"]}}],"collection":[{"href":"https:\/\/ealp.fr\/index.php\/wp-json\/wp\/v2\/pages"}],"about":[{"href":"https:\/\/ealp.fr\/index.php\/wp-json\/wp\/v2\/types\/page"}],"author":[{"embeddable":true,"href":"https:\/\/ealp.fr\/index.php\/wp-json\/wp\/v2\/users\/1"}],"replies":[{"embeddable":true,"href":"https:\/\/ealp.fr\/index.php\/wp-json\/wp\/v2\/comments?post=237"}],"version-history":[{"count":12,"href":"https:\/\/ealp.fr\/index.php\/wp-json\/wp\/v2\/pages\/237\/revisions"}],"predecessor-version":[{"id":284,"href":"https:\/\/ealp.fr\/index.php\/wp-json\/wp\/v2\/pages\/237\/revisions\/284"}],"wp:attachment":[{"href":"https:\/\/ealp.fr\/index.php\/wp-json\/wp\/v2\/media?parent=237"}],"curies":[{"name":"wp","href":"https:\/\/api.w.org\/{rel}","templated":true}]}}

Actualités

<p><strong>2021</strong></p>



<ul class="wp-block-list"><li><strong>11 et 12 janvier 2021 à 20h &#8211; reporté à mars/avril 2022 &#8211; Biennale Danse Emoi &#8211; CREATION</strong> : Centre Culturel Jean Gagnant, Limoges (87) &#8211; <strong><a rel="noreferrer noopener" aria-label="Conversation avec OSKAR (s’ouvre dans un nouvel onglet)" href="http://ealp.fr/index.php/hommage-au-metre/conversation-avec-oskar/" target="_blank">Conversation avec OSKAR</a></strong></li></ul>



<ul class="wp-block-list"><li><strong>15 janvier 2021 à 20h30  &#8211; reporté (Covid) :</strong> Le Rive Gauche, St-Etienne du Rouvray (76) &#8211; <strong><a rel="noreferrer noopener" aria-label="Work in Progress (s’ouvre dans un nouvel onglet)" href="http://ealp.fr/index.php/collaborations/work-in-progress/" target="_blank">Work in Progress</a> &#8211; </strong>Marc Nammour &amp; Eloïse Deschemin</li></ul>



<ul class="wp-block-list"><li>du <strong>23 février au 5 mars 2021</strong> &#8211; résidence de recherche à <strong>2angles</strong> à Flers (61)  &#8211; <strong><a rel="noreferrer noopener" aria-label="LOCAL (s’ouvre dans un nouvel onglet)" href="http://ealp.fr/index.php/collaborations/local/" target="_blank">LOCAL</a></strong> &#8211; Eloïse Deschemin &amp; Mathieu Heyraud </li></ul>



<ul class="wp-block-list"><li>du <strong>9 au 19 mars 2021 </strong>puis du<strong> 8 au 12 juin 2021 </strong>&#8211;  avec La Métive, Moutier-d&rsquo;Ahun (23) &#8211; <strong><a rel="noreferrer noopener" aria-label="ROUTINE (s’ouvre dans un nouvel onglet)" href="http://ealp.fr/index.php/routine-2019-20xx/routine-2019-20xx/" target="_blank">ROUTINE</a>#Ahun</strong> dont <strong><a href="http://ealp.fr/index.php/collaborations/local/">LOCAL</a></strong> du 8 au 12 juin 2021</li></ul>



<ul class="wp-block-list"><li>du <strong>6 avril au 7 mai 2021 </strong>&#8211; avec Le Théâtre d&rsquo;Angoulême, scène nationale (16) &#8211; <strong><a rel="noreferrer noopener" aria-label="ROUTINE (s’ouvre dans un nouvel onglet)" href="http://ealp.fr/index.php/routine-2019-20xx/routine-2019-20xx/" target="_blank">ROUTINE</a>#Angoulême</strong>, dont <strong><a href="http://ealp.fr/index.php/collaborations/local/">LOCAL</a></strong> du 26 au 30 avril 2021</li></ul>



<ul class="wp-block-list"><li>du<strong> 1er au 4 juin  2021 </strong>&#8211; Théâtre 145, TMG, Grenoble (38), invité par la cie épiderme, artiste associé &#8211; <strong><a rel="noreferrer noopener" aria-label="LOCAL (s’ouvre dans un nouvel onglet)" href="http://ealp.fr/index.php/collaborations/local/" target="_blank">LOCAL</a></strong> &#8211; Eloïse Deschemin &amp; Mathieu Heyraud</li></ul>



<ul class="wp-block-list"><li><strong>10 juillet 2021 &#8211; avant-première</strong> : Nouveau Studio Théâtre &#8211; Du Feu dans la Chambre, Nantes (44) &#8211; <strong><a rel="noreferrer noopener" href="http://ealp.fr/index.php/hommage-au-metre/conversation-avec-oskar/" target="_blank">Conversation avec OSKAR</a></strong></li></ul>

<p>2021 11 et 12 janvier 2021 à 20h &#8211; reporté à mars/avril 2022 &#8211; Biennale Danse Emoi &#8211; CREATION : Centre Culturel Jean Gagnant, Limoges (87) &#8211; Conversation avec OSKAR 15 janvier 2021 à 20h30 &#8211; reporté (Covid) : Le Rive Gauche, St-Etienne du Rouvray (76) &#8211; Work in Progress &#8211; Marc Nammour &amp; Eloïse &hellip; </p>
<p class="link-more"><a href="https://ealp.fr/index.php/agenda/" class="more-link">Continuer la lecture<span class="screen-reader-text"> de &laquo;&nbsp;Actualités&nbsp;&raquo;</span></a></p>
